{"id":3903,"date":"2021-06-02T14:50:30","date_gmt":"2021-06-02T12:50:30","guid":{"rendered":"http:\/\/epicerie-italienne-b11.com\/produit\/aperitif-du-paysan-calabrais\/"},"modified":"2025-10-14T12:41:07","modified_gmt":"2025-10-14T10:41:07","slug":"aperitif-du-paysan-calabrais","status":"publish","type":"product","link":"https:\/\/epicerie-italienne-b11.com\/produit\/aperitif-du-paysan-calabrais\/","title":{"rendered":"Ap\u00e9ritif du Paysan Calabrais"},"content":{"rendered":"<p>En ouvrant ce bocal, vous retrouverez toutes les saveurs de la Calabre. Des olives vertes et noires, des artichauts et des poivrons, des c\u00e8pes et des pleurotes ont \u00e9t\u00e9 mis \u00e0 mariner dans de l&rsquo;huile d&rsquo;olive pour un m\u00e9lange gourmand et savoureux.<\/p>\n","protected":false},"excerpt":{"rendered":"<p>En ouvrant ce bocal, vous retrouverez toutes les saveurs de la Calabre. Des olives vertes et noires, des artichauts et des poivrons, des c\u00e8pes et des<span class=\"excerpt-hellip\"> [\u2026]<\/span><\/p>\n","protected":false},"featured_media":2866,"template":"","meta":[],"pwb-brand":[],"product_cat":[7254,7253],"product_tag":[],"giftcard-category":[],"class_list":{"0":"post-3903","1":"product","2":"type-product","3":"status-publish","4":"has-post-thumbnail","6":"product_cat-antipasti-de-legumes-olives","7":"product_cat-epicerie-salee","9":"first","10":"outofstock","11":"shipping-taxable","12":"purchasable","13":"product-type-simple","14":"add-to-wishlist-after_add_to_cart"},"yoast_head":"<!-- This site is optimized with the Yoast SEO plugin v27.5 - https:\/\/yoast.com\/product\/yoast-seo-wordpress\/ -->\n<title>Ap\u00e9ritif du Paysan Calabrais - Epicerie italienne B11<\/title>\n<meta name=\"robots\" content=\"index, follow, max-snippet:-1, max-image-preview:large, max-video-preview:-1\" \/>\n<link rel=\"canonical\" href=\"https:\/\/epicerie-italienne-b11.com\/produit\/aperitif-du-paysan-calabrais\/\" \/>\n<meta property=\"og:locale\" content=\"fr_FR\" \/>\n<meta property=\"og:type\" content=\"article\" \/>\n<meta property=\"og:title\" content=\"Ap\u00e9ritif du Paysan Calabrais - Epicerie italienne B11\" \/>\n<meta property=\"og:description\" content=\"En ouvrant ce bocal, vous retrouverez toutes les saveurs de la Calabre. Des olives vertes et noires, des artichauts et des poivrons, des c\u00e8pes et des [\u2026]\" \/>\n<meta property=\"og:url\" content=\"https:\/\/epicerie-italienne-b11.com\/produit\/aperitif-du-paysan-calabrais\/\" \/>\n<meta property=\"og:site_name\" content=\"Epicerie italienne B11\" \/>\n<meta property=\"article:publisher\" content=\"https:\/\/www.facebook.com\/epicerieb11\" \/>\n<meta property=\"article:modified_time\" content=\"2025-10-14T10:41:07+00:00\" \/>\n<meta property=\"og:image\" content=\"https:\/\/epicerie-italienne-b11.com\/wp-content\/uploads\/2021\/05\/BELPAYSAN314-1.jpg\" \/>\n\t<meta property=\"og:image:width\" content=\"1843\" \/>\n\t<meta property=\"og:image:height\" content=\"1230\" \/>\n\t<meta property=\"og:image:type\" content=\"image\/jpeg\" \/>\n<meta name=\"twitter:card\" content=\"summary_large_image\" \/>\n<script type=\"application\/ld+json\" class=\"yoast-schema-graph\">{\"@context\":\"https:\\\/\\\/schema.org\",\"@graph\":[{\"@type\":\"WebPage\",\"@id\":\"https:\\\/\\\/epicerie-italienne-b11.com\\\/produit\\\/aperitif-du-paysan-calabrais\\\/\",\"url\":\"https:\\\/\\\/epicerie-italienne-b11.com\\\/produit\\\/aperitif-du-paysan-calabrais\\\/\",\"name\":\"Ap\u00e9ritif du Paysan Calabrais - Epicerie italienne B11\",\"isPartOf\":{\"@id\":\"https:\\\/\\\/epicerie-italienne-b11.com\\\/#website\"},\"primaryImageOfPage\":{\"@id\":\"https:\\\/\\\/epicerie-italienne-b11.com\\\/produit\\\/aperitif-du-paysan-calabrais\\\/#primaryimage\"},\"image\":{\"@id\":\"https:\\\/\\\/epicerie-italienne-b11.com\\\/produit\\\/aperitif-du-paysan-calabrais\\\/#primaryimage\"},\"thumbnailUrl\":\"https:\\\/\\\/i0.wp.com\\\/epicerie-italienne-b11.com\\\/wp-content\\\/uploads\\\/2021\\\/05\\\/BELPAYSAN314-1.jpg?fit=1843%2C1230&ssl=1\",\"datePublished\":\"2021-06-02T12:50:30+00:00\",\"dateModified\":\"2025-10-14T10:41:07+00:00\",\"breadcrumb\":{\"@id\":\"https:\\\/\\\/epicerie-italienne-b11.com\\\/produit\\\/aperitif-du-paysan-calabrais\\\/#breadcrumb\"},\"inLanguage\":\"fr-FR\",\"potentialAction\":[{\"@type\":\"ReadAction\",\"target\":[\"https:\\\/\\\/epicerie-italienne-b11.com\\\/produit\\\/aperitif-du-paysan-calabrais\\\/\"]}]},{\"@type\":\"ImageObject\",\"inLanguage\":\"fr-FR\",\"@id\":\"https:\\\/\\\/epicerie-italienne-b11.com\\\/produit\\\/aperitif-du-paysan-calabrais\\\/#primaryimage\",\"url\":\"https:\\\/\\\/i0.wp.com\\\/epicerie-italienne-b11.com\\\/wp-content\\\/uploads\\\/2021\\\/05\\\/BELPAYSAN314-1.jpg?fit=1843%2C1230&ssl=1\",\"contentUrl\":\"https:\\\/\\\/i0.wp.com\\\/epicerie-italienne-b11.com\\\/wp-content\\\/uploads\\\/2021\\\/05\\\/BELPAYSAN314-1.jpg?fit=1843%2C1230&ssl=1\",\"width\":1843,\"height\":1230},{\"@type\":\"BreadcrumbList\",\"@id\":\"https:\\\/\\\/epicerie-italienne-b11.com\\\/produit\\\/aperitif-du-paysan-calabrais\\\/#breadcrumb\",\"itemListElement\":[{\"@type\":\"ListItem\",\"position\":1,\"name\":\"Accueil\",\"item\":\"https:\\\/\\\/epicerie-italienne-b11.com\\\/\"},{\"@type\":\"ListItem\",\"position\":2,\"name\":\"Boutique de l&#8217;\u00c9picerie Italienne B11\",\"item\":\"https:\\\/\\\/epicerie-italienne-b11.com\\\/boutique\\\/\"},{\"@type\":\"ListItem\",\"position\":3,\"name\":\"Ap\u00e9ritif du Paysan Calabrais\"}]},{\"@type\":\"WebSite\",\"@id\":\"https:\\\/\\\/epicerie-italienne-b11.com\\\/#website\",\"url\":\"https:\\\/\\\/epicerie-italienne-b11.com\\\/\",\"name\":\"Epicerie Italienne B11\",\"description\":\"Saveurs d&#039;Italie depuis 2009\",\"publisher\":{\"@id\":\"https:\\\/\\\/epicerie-italienne-b11.com\\\/#organization\"},\"potentialAction\":[{\"@type\":\"SearchAction\",\"target\":{\"@type\":\"EntryPoint\",\"urlTemplate\":\"https:\\\/\\\/epicerie-italienne-b11.com\\\/?s={search_term_string}\"},\"query-input\":{\"@type\":\"PropertyValueSpecification\",\"valueRequired\":true,\"valueName\":\"search_term_string\"}}],\"inLanguage\":\"fr-FR\"},{\"@type\":\"Organization\",\"@id\":\"https:\\\/\\\/epicerie-italienne-b11.com\\\/#organization\",\"name\":\"EPICERIE ITALIENNE B11\",\"url\":\"https:\\\/\\\/epicerie-italienne-b11.com\\\/\",\"logo\":{\"@type\":\"ImageObject\",\"inLanguage\":\"fr-FR\",\"@id\":\"https:\\\/\\\/epicerie-italienne-b11.com\\\/#\\\/schema\\\/logo\\\/image\\\/\",\"url\":\"https:\\\/\\\/epicerie-italienne-b11.com\\\/wp-content\\\/uploads\\\/2021\\\/03\\\/cropped-logos-b11.jpg\",\"contentUrl\":\"https:\\\/\\\/epicerie-italienne-b11.com\\\/wp-content\\\/uploads\\\/2021\\\/03\\\/cropped-logos-b11.jpg\",\"width\":512,\"height\":512,\"caption\":\"EPICERIE ITALIENNE B11\"},\"image\":{\"@id\":\"https:\\\/\\\/epicerie-italienne-b11.com\\\/#\\\/schema\\\/logo\\\/image\\\/\"},\"sameAs\":[\"https:\\\/\\\/www.facebook.com\\\/epicerieb11\"]}]}<\/script>\n<!-- \/ Yoast SEO plugin. -->","yoast_head_json":{"title":"Ap\u00e9ritif du Paysan Calabrais - Epicerie italienne B11","robots":{"index":"index","follow":"follow","max-snippet":"max-snippet:-1","max-image-preview":"max-image-preview:large","max-video-preview":"max-video-preview:-1"},"canonical":"https:\/\/epicerie-italienne-b11.com\/produit\/aperitif-du-paysan-calabrais\/","og_locale":"fr_FR","og_type":"article","og_title":"Ap\u00e9ritif du Paysan Calabrais - Epicerie italienne B11","og_description":"En ouvrant ce bocal, vous retrouverez toutes les saveurs de la Calabre. Des olives vertes et noires, des artichauts et des poivrons, des c\u00e8pes et des [\u2026]","og_url":"https:\/\/epicerie-italienne-b11.com\/produit\/aperitif-du-paysan-calabrais\/","og_site_name":"Epicerie italienne B11","article_publisher":"https:\/\/www.facebook.com\/epicerieb11","article_modified_time":"2025-10-14T10:41:07+00:00","og_image":[{"width":1843,"height":1230,"url":"https:\/\/epicerie-italienne-b11.com\/wp-content\/uploads\/2021\/05\/BELPAYSAN314-1.jpg","type":"image\/jpeg"}],"twitter_card":"summary_large_image","schema":{"@context":"https:\/\/schema.org","@graph":[{"@type":"WebPage","@id":"https:\/\/epicerie-italienne-b11.com\/produit\/aperitif-du-paysan-calabrais\/","url":"https:\/\/epicerie-italienne-b11.com\/produit\/aperitif-du-paysan-calabrais\/","name":"Ap\u00e9ritif du Paysan Calabrais - Epicerie italienne B11","isPartOf":{"@id":"https:\/\/epicerie-italienne-b11.com\/#website"},"primaryImageOfPage":{"@id":"https:\/\/epicerie-italienne-b11.com\/produit\/aperitif-du-paysan-calabrais\/#primaryimage"},"image":{"@id":"https:\/\/epicerie-italienne-b11.com\/produit\/aperitif-du-paysan-calabrais\/#primaryimage"},"thumbnailUrl":"https:\/\/i0.wp.com\/epicerie-italienne-b11.com\/wp-content\/uploads\/2021\/05\/BELPAYSAN314-1.jpg?fit=1843%2C1230&ssl=1","datePublished":"2021-06-02T12:50:30+00:00","dateModified":"2025-10-14T10:41:07+00:00","breadcrumb":{"@id":"https:\/\/epicerie-italienne-b11.com\/produit\/aperitif-du-paysan-calabrais\/#breadcrumb"},"inLanguage":"fr-FR","potentialAction":[{"@type":"ReadAction","target":["https:\/\/epicerie-italienne-b11.com\/produit\/aperitif-du-paysan-calabrais\/"]}]},{"@type":"ImageObject","inLanguage":"fr-FR","@id":"https:\/\/epicerie-italienne-b11.com\/produit\/aperitif-du-paysan-calabrais\/#primaryimage","url":"https:\/\/i0.wp.com\/epicerie-italienne-b11.com\/wp-content\/uploads\/2021\/05\/BELPAYSAN314-1.jpg?fit=1843%2C1230&ssl=1","contentUrl":"https:\/\/i0.wp.com\/epicerie-italienne-b11.com\/wp-content\/uploads\/2021\/05\/BELPAYSAN314-1.jpg?fit=1843%2C1230&ssl=1","width":1843,"height":1230},{"@type":"BreadcrumbList","@id":"https:\/\/epicerie-italienne-b11.com\/produit\/aperitif-du-paysan-calabrais\/#breadcrumb","itemListElement":[{"@type":"ListItem","position":1,"name":"Accueil","item":"https:\/\/epicerie-italienne-b11.com\/"},{"@type":"ListItem","position":2,"name":"Boutique de l&#8217;\u00c9picerie Italienne B11","item":"https:\/\/epicerie-italienne-b11.com\/boutique\/"},{"@type":"ListItem","position":3,"name":"Ap\u00e9ritif du Paysan Calabrais"}]},{"@type":"WebSite","@id":"https:\/\/epicerie-italienne-b11.com\/#website","url":"https:\/\/epicerie-italienne-b11.com\/","name":"Epicerie Italienne B11","description":"Saveurs d&#039;Italie depuis 2009","publisher":{"@id":"https:\/\/epicerie-italienne-b11.com\/#organization"},"potentialAction":[{"@type":"SearchAction","target":{"@type":"EntryPoint","urlTemplate":"https:\/\/epicerie-italienne-b11.com\/?s={search_term_string}"},"query-input":{"@type":"PropertyValueSpecification","valueRequired":true,"valueName":"search_term_string"}}],"inLanguage":"fr-FR"},{"@type":"Organization","@id":"https:\/\/epicerie-italienne-b11.com\/#organization","name":"EPICERIE ITALIENNE B11","url":"https:\/\/epicerie-italienne-b11.com\/","logo":{"@type":"ImageObject","inLanguage":"fr-FR","@id":"https:\/\/epicerie-italienne-b11.com\/#\/schema\/logo\/image\/","url":"https:\/\/epicerie-italienne-b11.com\/wp-content\/uploads\/2021\/03\/cropped-logos-b11.jpg","contentUrl":"https:\/\/epicerie-italienne-b11.com\/wp-content\/uploads\/2021\/03\/cropped-logos-b11.jpg","width":512,"height":512,"caption":"EPICERIE ITALIENNE B11"},"image":{"@id":"https:\/\/epicerie-italienne-b11.com\/#\/schema\/logo\/image\/"},"sameAs":["https:\/\/www.facebook.com\/epicerieb11"]}]}},"jetpack_sharing_enabled":true,"brands":[],"_links":{"self":[{"href":"https:\/\/epicerie-italienne-b11.com\/nouveau-prefixe\/wp\/v2\/product\/3903","targetHints":{"allow":["GET"]}}],"collection":[{"href":"https:\/\/epicerie-italienne-b11.com\/nouveau-prefixe\/wp\/v2\/product"}],"about":[{"href":"https:\/\/epicerie-italienne-b11.com\/nouveau-prefixe\/wp\/v2\/types\/product"}],"wp:featuredmedia":[{"embeddable":true,"href":"https:\/\/epicerie-italienne-b11.com\/nouveau-prefixe\/wp\/v2\/media\/2866"}],"wp:attachment":[{"href":"https:\/\/epicerie-italienne-b11.com\/nouveau-prefixe\/wp\/v2\/media?parent=3903"}],"wp:term":[{"taxonomy":"pwb-brand","embeddable":true,"href":"https:\/\/epicerie-italienne-b11.com\/nouveau-prefixe\/wp\/v2\/pwb-brand?post=3903"},{"taxonomy":"product_cat","embeddable":true,"href":"https:\/\/epicerie-italienne-b11.com\/nouveau-prefixe\/wp\/v2\/product_cat?post=3903"},{"taxonomy":"product_tag","embeddable":true,"href":"https:\/\/epicerie-italienne-b11.com\/nouveau-prefixe\/wp\/v2\/product_tag?post=3903"},{"taxonomy":"giftcard-category","embeddable":true,"href":"https:\/\/epicerie-italienne-b11.com\/nouveau-prefixe\/wp\/v2\/giftcard-category?post=3903"}],"curies":[{"name":"wp","href":"https:\/\/api.w.org\/{rel}","templated":true}]}}

Apéritif du Paysan Calabrais

<p>En ouvrant ce bocal, vous retrouverez toutes les saveurs de la Calabre. Des olives vertes et noires, des artichauts et des poivrons, des cèpes et des pleurotes ont été mis à mariner dans de l&rsquo;huile d&rsquo;olive pour un mélange gourmand et savoureux.</p>

<p>En ouvrant ce bocal, vous retrouverez toutes les saveurs de la Calabre. Des olives vertes et noires, des artichauts et des poivrons, des cèpes et des<span class="excerpt-hellip"> […]</span></p>

<!-- This site is optimized with the Yoast SEO plugin v27.5 - https://yoast.com/product/yoast-seo-wordpress/ -->
<title>Apéritif du Paysan Calabrais - Epicerie italienne B11</title>
<meta name="robots" content="index, follow, max-snippet:-1, max-image-preview:large, max-video-preview:-1" />
<link rel="canonical" href="https://epicerie-italienne-b11.com/produit/aperitif-du-paysan-calabrais/" />
<meta property="og:locale" content="fr_FR" />
<meta property="og:type" content="article" />
<meta property="og:title" content="Apéritif du Paysan Calabrais - Epicerie italienne B11" />
<meta property="og:description" content="En ouvrant ce bocal, vous retrouverez toutes les saveurs de la Calabre. Des olives vertes et noires, des artichauts et des poivrons, des cèpes et des […]" />
<meta property="og:url" content="https://epicerie-italienne-b11.com/produit/aperitif-du-paysan-calabrais/" />
<meta property="og:site_name" content="Epicerie italienne B11" />
<meta property="article:publisher" content="https://www.facebook.com/epicerieb11" />
<meta property="article:modified_time" content="2025-10-14T10:41:07+00:00" />
<meta property="og:image" content="https://epicerie-italienne-b11.com/wp-content/uploads/2021/05/BELPAYSAN314-1.jpg" />
	<meta property="og:image:width" content="1843" />
	<meta property="og:image:height" content="1230" />
	<meta property="og:image:type" content="image/jpeg" />
<meta name="twitter:card" content="summary_large_image" />
<script type="application/ld+json" class="yoast-schema-graph">{"@context":"https:\/\/schema.org","@graph":[{"@type":"WebPage","@id":"https:\/\/epicerie-italienne-b11.com\/produit\/aperitif-du-paysan-calabrais\/","url":"https:\/\/epicerie-italienne-b11.com\/produit\/aperitif-du-paysan-calabrais\/","name":"Apéritif du Paysan Calabrais - Epicerie italienne B11","isPartOf":{"@id":"https:\/\/epicerie-italienne-b11.com\/#website"},"primaryImageOfPage":{"@id":"https:\/\/epicerie-italienne-b11.com\/produit\/aperitif-du-paysan-calabrais\/#primaryimage"},"image":{"@id":"https:\/\/epicerie-italienne-b11.com\/produit\/aperitif-du-paysan-calabrais\/#primaryimage"},"thumbnailUrl":"https:\/\/i0.wp.com\/epicerie-italienne-b11.com\/wp-content\/uploads\/2021\/05\/BELPAYSAN314-1.jpg?fit=1843%2C1230&ssl=1","datePublished":"2021-06-02T12:50:30+00:00","dateModified":"2025-10-14T10:41:07+00:00","breadcrumb":{"@id":"https:\/\/epicerie-italienne-b11.com\/produit\/aperitif-du-paysan-calabrais\/#breadcrumb"},"inLanguage":"fr-FR","potentialAction":[{"@type":"ReadAction","target":["https:\/\/epicerie-italienne-b11.com\/produit\/aperitif-du-paysan-calabrais\/"]}]},{"@type":"ImageObject","inLanguage":"fr-FR","@id":"https:\/\/epicerie-italienne-b11.com\/produit\/aperitif-du-paysan-calabrais\/#primaryimage","url":"https:\/\/i0.wp.com\/epicerie-italienne-b11.com\/wp-content\/uploads\/2021\/05\/BELPAYSAN314-1.jpg?fit=1843%2C1230&ssl=1","contentUrl":"https:\/\/i0.wp.com\/epicerie-italienne-b11.com\/wp-content\/uploads\/2021\/05\/BELPAYSAN314-1.jpg?fit=1843%2C1230&ssl=1","width":1843,"height":1230},{"@type":"BreadcrumbList","@id":"https:\/\/epicerie-italienne-b11.com\/produit\/aperitif-du-paysan-calabrais\/#breadcrumb","itemListElement":[{"@type":"ListItem","position":1,"name":"Accueil","item":"https:\/\/epicerie-italienne-b11.com\/"},{"@type":"ListItem","position":2,"name":"Boutique de l&#8217;Épicerie Italienne B11","item":"https:\/\/epicerie-italienne-b11.com\/boutique\/"},{"@type":"ListItem","position":3,"name":"Apéritif du Paysan Calabrais"}]},{"@type":"WebSite","@id":"https:\/\/epicerie-italienne-b11.com\/#website","url":"https:\/\/epicerie-italienne-b11.com\/","name":"Epicerie Italienne B11","description":"Saveurs d&#039;Italie depuis 2009","publisher":{"@id":"https:\/\/epicerie-italienne-b11.com\/#organization"},"potentialAction":[{"@type":"SearchAction","target":{"@type":"EntryPoint","urlTemplate":"https:\/\/epicerie-italienne-b11.com\/?s={search_term_string}"},"query-input":{"@type":"PropertyValueSpecification","valueRequired":true,"valueName":"search_term_string"}}],"inLanguage":"fr-FR"},{"@type":"Organization","@id":"https:\/\/epicerie-italienne-b11.com\/#organization","name":"EPICERIE ITALIENNE B11","url":"https:\/\/epicerie-italienne-b11.com\/","logo":{"@type":"ImageObject","inLanguage":"fr-FR","@id":"https:\/\/epicerie-italienne-b11.com\/#\/schema\/logo\/image\/","url":"https:\/\/epicerie-italienne-b11.com\/wp-content\/uploads\/2021\/03\/cropped-logos-b11.jpg","contentUrl":"https:\/\/epicerie-italienne-b11.com\/wp-content\/uploads\/2021\/03\/cropped-logos-b11.jpg","width":512,"height":512,"caption":"EPICERIE ITALIENNE B11"},"image":{"@id":"https:\/\/epicerie-italienne-b11.com\/#\/schema\/logo\/image\/"},"sameAs":["https:\/\/www.facebook.com\/epicerieb11"]}]}</script>
<!-- / Yoast SEO plugin. -->

Apéritif du Paysan Calabrais - Epicerie italienne B11

En ouvrant ce bocal, vous retrouverez toutes les saveurs de la Calabre. Des olives vertes et noires, des artichauts et des poivrons, des cèpes et des […]

Boutique de l&#8217;Épicerie Italienne B11
